 - (-15)/6). Suppose d = 2*d - 2*p + q, -d - 1 = -3*p. What is the units digit of 36/3*d/(-1)?
8
Suppose -d + 6*d = 11370. What is the hundreds digit of (-18)/45 - d/(-10)?
2
Let u(d) = -113*d + 47. What is the units digit of u(-7)?
8
Let d(m) = -3*m - 1. Let w be d(-3). Let l be (19/3 - 1) + (-11)/33. Suppose w*k - 90 = l*k. What is the tens digit of k?
3
Let v be (-1)/((-242)/(-60) + -4). Let p = -18 - v. Suppose -3*a = -78 - p. What is the units digit of a?
0
Suppose 5*l + 4 = l, -180 = -o - 3*l. Suppose 118 + o = 2*d + 5*g, -563 = -4*d + 3*g. What is the units digit of d?
3
Let z(v) = v**3 + 15*v**2 + 5*v - 20. What is the units digit of z(-6)?
4
Let g(u) = -30*u + 209. What is the units digit of g(-20)?
9
Let s be 10/(2 - (-744)/(-378)). Suppose -9*j = 81 - s. What is the units digit of j?
6
Let f(t) = -3*t**2 - 88*t + 23. Let j(o) = -o**2 - 44*o + 11. Let n(h) = 3*f(h) - 7*j(h). What is the units digit of n(17)?
2
Let g be 1/(-4) - 3/((-72)/462). Suppose -g = -2*j - 3*k, -5*j + 0*j + 35 = 5*k. What is the units digit of j?
2
Suppose -r - 208 = -667. What is the hundreds digit of r?
4
Let t(q) = q**3 + 5*q**2 + 2*q - 5. Let k be t(-4). Suppose 0 = 2*l - k - 15. What is the units digit of l?
9
Let t(d) = 16 + 7 - 5*d - 5. What is the units digit of t(-7)?
3
Let z be 2/1 + 432/3 + -2. Suppose 163 = 2*m - l - 35, 2*l = 8. Let c = z - m. What is the units digit of c?
3
What is the hundreds digit of 5/((-30)/(-24)) - -37*3?
1
Suppose -13*y = -14*y + 3*b + 1135, 2*y = -3*b + 2252. What is the tens digit of y?
2
Let q be 3*-1*(-468)/27. Let l = q - 19. What is the tens digit of l?
3
Let s(f) = 0 + 9*f + 3 - 1 + 32*f. What is the hundreds digit of s(5)?
2
Let m = -1133 + 1981. What is the hundreds digit of m?
8
Let i = -57 + 61. Suppose -f = -i*u + 213, 4*f = -2*u - f + 123. What is the tens digit of u?
5
Let f = 527 - -360. What is the hundreds digit of f?
8
Suppose -9 = -4*b + 7, -3*b = 3*t. What is the hundreds digit of t/(64/(-436))*4?
1
Suppose 0 = -6*a - 2199 + 5751. What is the hundreds digit of a?
5
Let t(p) = 14*p - 11. What is the units digit of t(30)?
9
Suppose v + 5*t - 14 = 2*v, 3*t - 12 = -3*v. Let h(g) = 3*g**2 - 1. Let s be h(v). Suppose -4*m + 51 = -m + 3*f, -6 = s*f. What is the tens digit of m?
2
Let w(l) = l**3 + 7*l**2 - 8*l + 2. Let h be w(-8). Suppose 0*n + 5*n - h*m = 401, -4*n - m = -313. What is the units digit of n?
9
Let m(k) = 3*k**2 - 41*k + 49. What is the tens digit of m(32)?
0
Suppose 0 = 5*u - 10*u + 25. Suppose 2*t = -2*y + 176, -u*y = -y - t - 352. Suppose -6*q + 160 = -q + 2*r, 0 = 2*q - 4*r - y. What is the tens digit of q?
3
Suppose u - 4*u = 51. Let f = u - -3. Let v = -9 - f. What is the units digit of v?
5
Suppose 15 = -3*f, -3*y - 4 = f - 89. What is the units digit of y?
0
Suppose 3 = 5*p - 4*p. What is the tens digit of (-2)/p*6 + 215 - 1?
1
Let a(i) = i**3 + 8*i**2 - 10*i - 6. Let z = 13 - 22. Let k be a(z). Suppose k*h - 30 = 33. What is the tens digit of h?
2
Let h be 238/15 - 4/(-30). Let v = 18 - 12. Suppose -h = -2*s + v. What is the tens digit of s?
1
Let i = 6499 + -1884. What is the units digit of i?
5
Suppose 0 = -4*j + 7*g - 2*g + 10151, 3*j - 7620 = -3*g. What is the tens digit of j?
3
Suppose -2*f + 4 = -a - 0, -2*a = 0. Let b be (-1 + 1)/(1 + -3). Let l = f - b. What is the units digit of l?
2
Let p(d) = -d**3 + d**2 - 3*d - 4. Let m be p(-7). Suppose 3*s - m = k, s + 4*k - 110 = 22. What is the tens digit of s?
3
Suppose 7*c - 16 - 5 = 0. Suppose 0 = a + c, 0 = -0*l + 3*l + a - 366. What is the tens digit of l?
2
Let m(k) = 2312*k**2 - 22*k + 22. What is the units digit of m(1)?
2
Let k be 9/(-18)*(1 + -7). Suppose -73 = -2*o + 3*s, s = k*o + 2*s - 126. Let f = -15 + o. What is the tens digit of f?
2
Suppose 0 = -3*o + 305 + 718. Let s = o - 220. What is the tens digit of s?
2
Suppose 150*i - 61605 = 135*i. What is the thousands digit of i?
4
Let p be (-1)/(-5) - 1/((-25)/420). Suppose 0*l + 2*l + 5*z = 3, 0 = -2*l - z + 7. Let o = l + p. What is the units digit of o?
1
Suppose 0 = 2*b - 6 - 8. Suppose 5*j - b*j = -32. Let a = j + -12. What is the units digit of a?
4
Suppose 0 = 8*d - 1385 + 257. What is the units digit of d?
1
Let b(a) = -3*a - 2. Let o = -8 + 6. Let j be b(o). What is the units digit of ((-18)/j)/(3/(-20))?
0
Let d = 12 - -3. Let q = -21 + d. What is the units digit of (-393)/q + (-1)/(-2)?
6
Suppose 5*c = 2*f + 449, 4*c + 2*f = -95 + 447. Suppose -2*w = -m - c, 3*w - 121 = 2*m + 2*m. What is the tens digit of w?
4
Suppose 4 = -4*z + 3*z - 2*b, -5*b - 5 = 5*z. Suppose z*y - 291 = -y. What is the units digit of y?
7
Suppose 139 = -z - 4*z + 4*q, -4*q = -4*z - 112. Let c be (-3 - -40) + (-2 - -3). Let n = z + c. What is the units digit of n?
1
Let l(t) = 112*t + 138. What is the units digit of l(4)?
6
Let s(u) = -47*u**3 - 9*u**2 + 3*u - 39. What is the units digit of s(-5)?
6
Let q(i) = 2*i**2 - i + 1. Let o be q(2). Suppose 0 = -o*a + 1093 - 162. What is the tens digit of a?
3
Suppose 1954 = 4*f + 3*n - 4, -f + 494 = 3*n. Suppose f = 47*r - 43*r. What is the tens digit of r?
2
What is the thousands digit of -4*((-4707)/4 - 150/25)?
4
Let q(w) = -4*w**3 - 42*w + 1. What is the tens digit of q(-7)?
6
Suppose -3*t - 2*t + 4*g = -11024, 4*t + 2*g - 8814 = 0. What is the hundreds digit of t?
2
Let i be 0 + -7 + (-13)/13. Let v(d) = d**3 + 9*d**2 + 9*d + 2. Let h be v(i). Let j = h + 27. What is the tens digit of j?
2
Let k(x) = x**3 - x**2 + 2*x - 1. Let u be k(1). Let o be u/(-5) + (-57)/15. Let z(v) = 2*v**2 - v + 9. What is the units digit of z(o)?
5
Let k = -3172 - -4475. What is the thousands digit of k?
1
Let u(t) = 3 + 2 - 6*t + 2*t + 15*t. What is the units digit of u(6)?
1
Suppose -3*r + 7*o - 2*o = -12, 4*r + o + 7 = 0. Let z be 19 - 4*r/(-4). Suppose -2*i + i = -z. What is the units digit of i?
8
Let z(c) = -2*c - 8. Let o be z(-4). Suppose -y - 5*k = -73, -y + o*y + k + 85 = 0. What is the units digit of y?
3
Let p(d) = 2*d + 0*d - 3*d + 7 + 4*d. Let w be p(9). What is the units digit of w + ((-6)/2 - 0)?
1
Let x = 4235 + -79. What is the hundreds digit of x?
1
What is the tens digit of (-2)/(-16) + 17766/336?
5
Suppose -2*c + 2*m + 6222 = 0, 8*c = 12*c + 3*m - 12409. What is the units digit of c?
6
Let h(k) = -3*k**3 + 6*k**2 - 2*k - 21. What is the tens digit of h(-5)?
1
Let h(w) = w**3 - w**2 - w - 3. Suppose b + 2*m = -0*m - 7, 0 = -2*b + 5*m + 31. Let y be h(b). What is the units digit of y*1 + (-13 - -11)?
0
Let s be 8/(-2) - 72/(11 + -13). Let p = 10 - 6. Suppose p*k = 108 + s. What is the units digit of k?
5
Let g be 1/(140/(-46) - -3) - -2. Let r(v) = 6*v**2 - 3*v - 1. Let b be r(-2). Let l = g + b. What is the units digit of l?
8
Let r(b) = -5*b + 10. Let s be r(1). Suppose s*y - 4*t = 692 + 793, 0 = 4*y - 4*t - 1184. What is the tens digit of y?
0
Let v = -22 - -40. Suppose -5*a = -v - 427. What is the units digit of a?
9
Suppose -4*r + 374 = 62. Suppose -5*p + 6 + r = 2*w, -4*w + 188 = 5*p. What is the tens digit of w?
5
Let w(p) = -6*p - 1. Let u be w(-1). Suppose -u*f + 9 = -16. What is the tens digit of 56/f - 2/10?
1
Suppose -8 = 4*k, 0 = -5*m - 2*k - k - 86. Suppose -12*z = -16*z + 176. Let r = m + z. What is the units digit of r?
8
Let i = -84 + 96. Let z(m) = 16*m - 39. What is the tens digit of z(i)?
5
Suppose 15*i = 11*i + 184. Suppose 3*b - 20 = -2*w - b, 4*w + 2*b - i = 0. What is the tens digit of (-8)/w - (-124)/6?
2
Let v(s) = -s**3 + 5*s**2 - s + 7. Let u be v(5). Suppose -u*n + 70 = -0*n. Let k = n - 20. What is the units digit of k?
5
Let g = 7 - 3. Suppose -4*p + 2*a - 3*a = -20, -15 = -3*p + g*a. Suppose w - 5*w + 55 = p*r, 5*w + 2*r = 73. What is the units digit of w?
5
Let z = -6 + 17. Suppose -3*y + 32 = z. What is the units digit of (1*-1)/(y/(-21))?
3
Let v(z) = z**2 + 26*z + 85. What is the units digit of v(-35)?
0
Suppose -4*w + 2*v - 5*v + 300 = 0, -w = -2*v - 75. Let k = w + -31. What is the tens digit of k?
4
Let u(y) = -y + 6. Suppose -4*t + 3*v - 1 = 0, 6*t - 18 = 3*t - 4*v. Suppose 2*f - t*o + 16 = 0, 4*f + 3*o - 1 = 2. What is the units digit of u(f)?
9
Let y(u) be the first derivative of 2*u + 6*u - 7*u - 1 + 2*u**2. What is the tens digit of y(4)?
1
What is the hundreds digit of 1802/6 + 80/(-60)?
2
Suppose 0 =